) + 2 + -16?
-34
(29 - -61) + -205 + 61
-54
Evaluate -14 + (-58 - -9) - (-186 + 169).
-46
4 + 104 + 39 + -72
75
Evaluate 53 + 2 - (-176 - -185).
46
What is the value of -18 + (44 + -95 - -83)?
14
What is the value of -2 - 15 - ((-6 - -52) + -67)?
4
What is 91 - 62 - 41 - (1 - 16)?
3
Evaluate (56 - ((15 - 32) + 23)) + (-2 - 9).
39
What is -82 + (-111 - -73) + 64?
-56
Calculate 0 + 1 + 3 - 17.
-13
Evaluate -2 - -3 - (39 + -24 + 3).
-17
Calculate (15 - (-2 + 7)) + (-10 - -10) + -44.
-34
Evaluate -16 - (29 + (-173 - -36)).
92
98 - (-110 + 136 + 94)
-22
-152 - (-8 + (5 - 28) + -3)
-118
(-43 - -24) + 11 - -18
10
Calculate -4557 - -4633 - (11 - (0 + 2)).
67
What is (52 + -14 - (57 - 28)) + -8?
1
Evaluate -2 - (61 + -65 + 5 + 0 + -1).
-2
What is 99 + -110 + (0 - (4 - -1)) + 5 - -94?
83
What is 70 + -36 + -113 + 155 + (1 - -10)?
87
Calculate -6 + 23 + (-13 - 36) + -2 + -3.
-37
(0 - (1 + -9)) + (-42 - -48)
14
Evaluate -13 + (-70 - 22 - -81).
-24
(-12 - (49 + 30)) + (8 - -4)
-79
What is the value of 12 + 96 + (18 - (0 - -21)) + -12?
93
-11 + (64 - (19 + -6 - 10)) + -8
42
Evaluate 1438 + -1383 - (-1 + 47).
9
What is the value of -59 + 103 + (4 - (37 - 17))?
28
Evaluate -20 + (7 - 19 - -13) - 22.
-41
(-2 - (2 - -88)) + -1 + (99 - (-346 + 432))
-80
What is 3 - (-223 - (-141 + 30))?
115
What is the value of (10 + -39 - (-71 + 6)) + 24?
60
Evaluate 9 - (32 + -11 - 38).
26
What is (-42 - 1) + (-6851 - -6885)?
-9
What is the value of 62 - ((-3 - -11) + 1 + (14 - 25))?
64
What is the value of 14 + -14 + -3 - (14 + -8)?
-9
Calculate (21 - (278 - 147)) + 9.
-101
-4 - (-18 + 39 + -20) - (5 - (3 - 9))
-16
Evaluate -24 + (-20 - -20) + (1 - 7) + 23 + -7.
-14
What is 10836 + -10710 + (-1 - (9 - 0)) + 20?
136
Evaluate -24 - (-15 - (-22 - -21)) - 21.
-31
((-12 - -1) + -3 + 2 - (13282 + -13288)) + -30
-36
Evaluate 22 - (-73 + -4 + -52 + 87).
64
Evaluate -39 - (-136 - (25 + -34 - 29)).
59
Calculate 11 + -17 - (4 + 3 + 4 + -8 + 14).
-23
What is -2 + 73 - (-12 - (-47 - -22 - (-11 + 1)))?
68
Calculate -52 + (123 - 120 - ((-7 - -1) + (-2 - -7))).
-48
-7 - ((-35 - 10) + 16) - 0
22
-153 - (12 + -78 + -52)
-35
Evaluate (40 + -47 - (0 - (-3 - -14))) + -15.
-11
What is -22 + (37 - 24) + -32 + -11?
-52
(-12 - -1 - (-5 + (-124 - (6 + -28)))) + -11
85
What is the value of (-3 - (-3 + -2)) + -21 - (-28 - (-9 - 25))?
-25
What is the value of -178 + (342 - 22 - 160)?
-18
(6 - -6) + (-7 - 7) + (31 + -16 - 60)
-47
Calculate -13 + -8 + 11 - (15 - (5 - 2) - 59).
37
What is -75 + (-9 - (-2 + (2 - 3) - 6))?
-75
Calculate -149 - -100 - (-33 + -5 + -3).
-8
What is (-16 - -21 - (8 - -2)) + 3 + (2 - 8)?
-8
Calculate -3 + (41 - 49) + 84.
73
Calculate (0 - 6 - (-14 + -36)) + -10 + (44 - 28).
50
What is 14 - (49 + (18 - (6 - (-10 + 3))))?
-40
What is the value of (15 - 4) + (144 - 136) + -15?
4
Evaluate 5 + (-24 + (15 - 1) - -5).
0
Calculate 46 - (13 + -13) - (-52 + 84).
14
What is the value of (2 - (0 - -4)) + -17 + 53 + -44 + -33?
-43
What is -61 + 1 + 12314 + -12147?
107
What is -6 - (-83 + 119 - 33)?
-9
What is the value of -91 + 9 + (18 - 35 - -14) + 6?
-79
Evaluate -90 + 3 + -1553 + 1567.
-73
Evaluate (2 - -1) + (67 - 18 - 59) - (-1 + -66).
60
What is 132 - (85 + -73 - -52)?
68
What is -48 + -42 + 82 - 69?
-77
37 + (-3 + -8 + 5 + 14 - 21)
24
Calculate (316 - 253) + 2 + -75.
-10
Evaluate -99 - -53 - -113 - 138.
-71
Evaluate (-10 - 46) + 36 + -2.
-22
Calculate (862 - 862) + (46 - (-3 - 0)).
49
What is the value of 40 + -109 + 66 + -13?
-16
2 + (-142 - -20) + (-12 - -15 - (-12 + 0))
-105
Calculate 54 + 16 + -58 - (4 + -1 - (-11 - 1)).
-3
Calculate (-19 - -23) + -15 - (17 + -69).
41
14 - 13 - 20 - -6
-13
Evaluate 52 + -85 - (-1 + -31) - (-1 - -49).
-49
Calculate (-14 + 20 - 5 - 2) + 8.
7
Calculate (45 + -40 + 23 - 43) + 33.
18
What is the value of 1 + 6 + 328 + -313 + -8?
14
Calculate (8 - (34 - (-5 - (5 - 8)))) + -5 + 0.
-33
What is 3 + (-16 - ((22 - 3) + -6 + 36))?
-62
(14 + (22 - 14) - 15) + -1 - -33
39
(-118 - -43) + -1 - (-11 + 1)
-66
What is -30 - (-52 + (-68 - -143))?
-53
Evaluate 3 - 45 - (25 + -21 + -15 - (-2 - 14)).
-47
Calculate (-1 - -10) + (-13 - -8) + -71 + -42 + 34.
-75
What is -15 + (19 - 8) - -12 - (-6 - -89 - 6)?
-69
-4 + 1 + (1 - -24) + -27 + 16
11
Evaluate (7 - -7) + 34 + -1 + 2.
49
Evaluate (0 - (21 - (12 + -5)) - -111 - 4) + 5.
98
8 - ((16 - 12) + 42 + -1)
-37
(-9 - 20) + 31 + -26 + 139
115
What is 6 - ((10 - 10) + 58 + -18 + 18)?
-52
What is 3 - (-27 + 6) - 5 - 7?
12
Calculate (-43 - 0) + (-78 - (-42 - 21)).
-58
Calculate (-8 + -1 + -10 - (-88 + 78)) + -1 + 24.
14
What is the value of 97 - (249 + -86) - (-1 + 11)?
-76
-6 + 11 - 25 - (-90 + 124)
-54
141 + (105 - 276) + 147
117
What is 80 + -85 + -4 + -48?
-57
What is (-13 - -14 - 11) + 4 + -68?
-74
(-2 - -13) + (18 - (-22 + (31 - -31)))
-11
31 + 11 + (-1 + -20 - -6)
27
Evaluate 25 - (-12 + 4 + 2 - -17).
14
What is (2 - ((-8 - -7) + 7 + -6)) + -25?
-23
What is -745 + 735 + 1 + (-3 - -27)?
15
Calculate (1 + 65 - 55) + (-4 - 0) + 53.
60
Evaluate -21 + -1 + (-16 - -14) + -6.
-30
Evaluate -4 - (-3 + 9) - ((-31 - -25) + -57).
53
What is 58 - (10 + -2 + 21)?
29
Evaluate 6 - (-74 - -46) - (-15 + 126).
-77
What is the value of (-27 - -9 - (0 + -30)) + 5 + 0 - 0?
17
What is the value of 63 + (-160 - -261) + -196?
-32
Calculate -10 + -6 + -31 + 5 - -16.
-26
Calculate 4 - -5 - (-154 + 145) - (-83 - -1).
100
-1 + 2 - -31 - (-18 + 33)
17
Calculate -68 - -66 - ((1 - -3) + -6 + 16).
-16
What is 8477 + -8323 - (80 - -1)?
73
(22 - ((32 - 70) + 51)) + (45 + 2 - -1)
57
What is -18 + 2 + (-32 - (-38 + (-29 - -49)))?
-30
What is the value of -32 - (-6 + (-129 - -119))?
-16
Evaluate 12 - 1 - ((68 - 1) + (290 - 317)).
-29
Evaluate 6 + (-6 - 43) - (-16 - (-41 - -19)).
-49
22 - (13 + 0) - 19 - -17
7
-2 + (78 + 4 - -38) - (-12 + 5)
125
What is -4 + -3 + (-13 - (-12 - (41 + -24)))?
9
What is 5 - (-18 + (11 + 24 - 14))?
2
What is the value of -2 - (33 + -123 + 45)?
43
Evaluate 1 + 4 - (-42 - -1 - (87 + -180)).
-47
What is 36 + 27 + (-32 - 3)?
28
What is 13 + 26 + 13 - 28?
24
What is (5 - 16) + -3 + (3 - (1 - -3))?
-15
Evaluate (29 - -1) + (13 - (5 + 3)).
35
Calculate 6 - (7 + -68 + -4) - (4 - -2).
65
Calculate 17 + -2 + (47 - 74) + 15 - 43.
-40
Evaluate (-13 - -9) + 13 + -7 + -30.
-28
What is -25 + 25 - -62 - (21 - 7)?
48
(-23 + -6 - -35) + 3 + 16
25
21 - -24 - (279 + -191)
-43
What is -100 - (-103 - (44 - 58))?
-11
Calculate (-8 - -2 - -6) + (8 + -11 - 4 - -27).
20
What is the value of 28 + -15 + -54 + -3 - 50?
-94
What is -14 + -3 - -45 - 44?
-16
-163 + 116 + 46 + -128
-129
Calculate 3 + 3 - 1 - (-28 - (-9 + 45)).
69
((1 - 13) + 3 - -21) + -4
8
Calculate (-18 - -6) + 19 + -20 + 7 + (-3 - 26).
-35
1 + 3 - ((1 - 2) + (-13 - -65) + -43)
-4
Evaluate 4 + (53 - 39) + 27 + (-14 - 1).
30
What is 18 + -22 + -26 - (11 + -18)?
-23
Evaluate 278 - 291 - ((-2 - -4) + -2) - 28.
-41
What is the value of -3129 - -3068 - (16 - (2 - -1))?
-74
Calculate -13 + 37 - -9 - 1.
32
What is (-73 - (-17 - (-16 - -11))) + (-28 - -42)?
-47
-438 + 457 - (-87 - -5)
101
Evaluate (2 - 3) + -53 + -87 + -95 + 186 + 5.
-45
-1 - (61 - 48) - 22
-36
What is 1 - 8 - (-242 - -228) - (8 - 66)?
65
Evaluate (-1 - (2 + -21 + 5 - -4)) + (0 - 66).
-57
What is 12 - (5 - 14 - 8 - -37)?
-8
Calculate 16 + (63 - 139 - -57).
-3
Evaluate -236 + 310 + (3 - 135).
-58
What is -18 + (-15 - -6) + 77 + 11?
61
(0 - 58 - (-2 + -1 + (-447 - -460))) + 0
-68
Evaluate -2 + -9 - (32 - (-50 - -68)) - 9.
-34
What is the value of -4 + 55 + -2 + (-40 - -32) + 0?
41
Calculate 3 - 2 - (2 - -1) - (67 + -57 - 24).
12
What is the value of (-3556 - -3503 - (-2 + 4 + -2)) + 18?
-35
(18 + -21 + -1 + -2 + 5 - -10) + 30
39
What is the value of (-4 - (-14 + 36)) + 1?
-25
Calculate -16 - (32 - (15 - 17)).
-50
Evaluate 114 + -99 + -23 - (-11 - 1).
4
2 + -3 + -8 - 4
-13
What is the value of 3 + (-1 - 14 - (17 - 35) - -5)?
11
What is the value of (-7 - 17) + 32 + 10 + 6?
24
Calculate 2 + -21 + -63 + (64 - -56).
38
Evaluate 0 + 0 - (-3 + -5 + (-164 - -129)).
43
Calculate (-1 - -2) + (-261 - -272) - (2 + (3 - 10)).
17
Calculate -17 - ((-9 - 3) + -14 + 14 + 7).
-12
What is the value of 479 + -486 - ((-2 - -7) + (-118 - 13))?
119
0 - (11 + (-10 - -1) + -6 + 35)
-31
What is the value of (3 - (11 + (-1 - -12 - 19))) + -2?
-2
21 + -5 - (192 